 6) in base 3?
12
What is 157 (base 9) in base 14?
97
3 (base 13) to base 10
3
-3 (base 14) to base 12
-3
-32 (base 16) to base 12
-42
-3 (base 6) to base 2
-11
Convert -51 (base 12) to base 16.
-3d
b2 (base 13) to base 12
101
What is 10 (base 3) in base 6?
3
Convert 20 (base 7) to base 10.
14
Convert -25 (base 8) to base 16.
-15
What is 2 (base 15) in base 14?
2
Convert -254 (base 9) to base 4.
-3103
What is -29 (base 14) in base 10?
-37
Convert 7 (base 12) to base 7.
10
c (base 15) to base 10
12
Convert 2 (base 16) to base 6.
2
29 (base 14) to base 8
45
-4 (base 7) to base 4
-10
3 (base 7) to base 9
3
What is -5 (base 10) in base 5?
-10
What is 1 (base 14) in base 3?
1
What is -11 (base 6) in base 14?
-7
What is -2 (base 9) in base 11?
-2
What is 212 (base 3) in base 5?
43
-1 (base 5) to base 2
-1
-402 (base 5) to base 9
-123
0 (base 6) to base 2
0
Convert 2a (base 14) to base 9.
42
Convert -30 (base 8) to base 15.
-19
What is -2231 (base 4) in base 16?
-ad
Convert -300 (base 10) to base 15.
-150
40 (base 5) to base 8
24
What is -10110 (base 2) in base 4?
-112
What is 0 (base 9) in base 11?
0
-10 (base 4) to base 12
-4
Convert 16 (base 12) to base 11.
17
Convert -10100 (base 2) to base 5.
-40
Convert 68 (base 9) to base 8.
76
-6 (base 12) to base 4
-12
What is 235 (base 11) in base 8?
430
What is 31 (base 8) in base 14?
1b
What is -130 (base 4) in base 9?
-31
Convert 2 (base 7) to base 6.
2
-47 (base 8) to base 15
-29
Convert -50 (base 15) to base 3.
-2210
Convert 10 (base 12) to base 7.
15
-11 (base 5) to base 10
-6
Convert -1 (base 7) to base 11.
-1
Convert 53 (base 15) to base 2.
1001110
Convert 9 (base 12) to base 16.
9
Convert -223 (base 8) to base 2.
-10010011
Convert 100 (base 3) to base 10.
9
Convert 188 (base 10) to base 3.
20222
Convert -2 (base 14) to base 16.
-2
What is -6 (base 11) in base 5?
-11
What is -1 (base 5) in base 16?
-1
What is 11 (base 14) in base 9?
16
Convert -100011101 (base 2) to base 9.
-346
-1 (base 9) to base 16
-1
What is 103 (base 5) in base 16?
1c
What is -101 (base 7) in base 8?
-62
Convert -110 (base 4) to base 12.
-18
-23 (base 5) to base 6
-21
Convert 4 (base 10) to base 15.
4
-27 (base 11) to base 6
-45
Convert 85 (base 15) to base 10.
125
Convert 64 (base 9) to base 11.
53
-88 (base 9) to base 3
-2222
What is 1111000 (base 2) in base 10?
120
-110100 (base 2) to base 12
-44
What is 253 (base 6) in base 2?
1101001
What is 19 (base 13) in base 12?
1a
Convert 23 (base 4) to base 8.
13
110 (base 3) to base 6
20
Convert -11 (base 13) to base 3.
-112
100 (base 2) to base 6
4
Convert -110111 (base 2) to base 8.
-67
22 (base 8) to base 16
12
101 (base 2) to base 9
5
-86 (base 9) to base 7
-141
3 (base 9) to base 16
3
-342 (base 7) to base 13
-108
What is -2 (base 16) in base 15?
-2
Convert -11212 (base 3) to base 10.
-131
What is -144 (base 12) in base 10?
-196
What is -221 (base 9) in base 7?
-346
What is -1 (base 7) in base 2?
-1
What is 3012 (base 4) in base 13?
123
Convert -35 (base 8) to base 3.
-1002
Convert -121 (base 7) to base 11.
-59
Convert 12 (base 3) to base 7.
5
-3 (base 6) to base 15
-3
3 (base 8) to base 12
3
Convert 136 (base 10) to base 16.
88
What is -14 (base 10) in base 7?
-20
Convert -11110010 (base 2) to base 11.
-200
Convert 31 (base 8) to base 7.
34
What is 20 (base 14) in base 5?
103
Convert b7 (base 12) to base 7.
256
15 (base 7) to base 2
1100
Convert 35 (base 15) to base 10.
50
What is -132 (base 7) in base 11?
-66
121 (base 3) to base 11
15
bd (base 15) to base 13
109
Convert -2 (base 8) to base 3.
-2
What is -e (base 16) in base 8?
-16
Convert 4d (base 15) to base 6.
201
-1 (base 4) to base 16
-1
What is -10011011 (base 2) in base 6?
-415
-116 (base 7) to base 10
-62
Convert 11 (base 7) to base 6.
12
What is 122 (base 5) in base 14?
29
What is -13 (base 4) in base 6?
-11
-11 (base 3) to base 5
-4
-5 (base 10) to base 6
-5
-3 (base 9) to base 12
-3
-2 (base 9) to base 12
-2
What is -35 (base 15) in base 11?
-46
Convert 21 (base 12) to base 10.
25
Convert -2 (base 7) to base 13.
-2
Convert 100001000 (base 2) to base 5.
2024
Convert 2 (base 15) to base 6.
2
What is -1 (base 3) in base 11?
-1
What is -62 (base 11) in base 10?
-68
-5 (base 16) to base 8
-5
10 (base 8) to base 15
8
-1000 (base 2) to base 12
-8
What is 243 (base 9) in base 3?
21110
Convert 2 (base 5) to base 3.
2
What is 52 (base 6) in base 12?
28
28 (base 9) to base 6
42
What is 22 (base 3) in base 6?
12
Convert -b (base 16) to base 8.
-13
Convert 3 (base 14) to base 3.
10
22 (base 3) to base 6
12
Convert -43 (base 5) to base 6.
-35
What is 8 (base 15) in base 9?
8
1 (base 2) to base 3
1
What is -9 (base 16) in base 3?
-100
What is 102 (base 11) in base 8?
173
Convert -120 (base 10) to base 13.
-93
Convert 12 (base 9) to base 15.
b
48 (base 16) to base 11
66
-22 (base 4) to base 5
-20
Convert 101 (base 2) to base 4.
11
-16 (base 15) to base 9
-23
5 (base 16) to base 15
5
What is -40 (base 11) in base 9?
-48
Convert 10 (base 16) to base 11.
15
Convert 4 (base 9) to base 3.
11
What is 1000101 (base 2) in base 14?
4d
What is -b5 (base 15) in base 6?
-442
What is -10 (base 3) in base 15?
-3
Convert -2 (base 9) to base 14.
-2
Convert -4 (base 6) to base 5.
-4
-6 (base 11) to base 2
-110
What is -11100 (base 2) in base 5?
-103
1001 (base 2) to base 13
9
What is -1012 (base 4) in base 11?
-64
63 (base 10) to base 2
111111
What is 0 (base 2) in base 6?
0
Convert -1001 (base 2) to base 16.
-9
Convert -3 (base 13) to base 3.
-10
Convert -16 (base 15) to base 2.
-10101
What is -30 (base 4) in base 10?
-12
Convert 133 (base 5) to base 11.
3a
Convert 4b (base 14) to base 3.
2111
What is -11 (base 2) in base 7?
-3
Convert -11011001 (base 2) to base 12.
-161
Convert 4a (base 11) to base 15.
39
Convert -232 (base 5) to base 9.
-74
1 (base 7) to base 5
1
What is -111 (base 2) in base 11?
-7
What is 101 (base 3) in base 4?
22
What is -2 (base 4) in base 5?
-2
0 (base 5) to base 6
0
Convert 122 (base 4) to base 16.
1a
Convert -11 (base 9) to base 14.
-a
-9 (base 10) to base 11
-9
Convert -1110 (base 2) to base 6.
-22
What is -12021 (base 3) in base 13?
-ac
5 (base 15) to base 3
12
What is 6 (base 15) in base 2?
110
Convert -1 (base 9) to base 7.
-1
What is 110011 (base 2) in base 9?
56
Convert 0 (base 11) to base 8.
0
Convert 22 (base 3) to base 16.
8
What is 4 (base 5) in base 3?
11
What is 37 (base 8) in base 14?
23
-26 (base 10) to base 13
-20
Convert 3 (base 8) to base 4.
3
Convert 22 (base 11) to base 10.
24
What is -6 (base 10) in base 2?
-110
0 (base 5) to base 2
0
What is 2 (base 11) in base 6?
2
-6 (base 11) to base 4
-12
What is 8 (base 13) in base 11?
8
What is 186 (base 9) in base 6?
423
-22 (base 7) to base 2
-10000
What is 1 (base 6) in base 8?
1
What is 2 (base 10) in base 2?
10
What is 3 (base 16) in base 10?
3
What is 2 (base 8) in base 2?
10
What is 17 (base 9) in base 11?
15
Convert -1 (base 13) to base 11.
-1
Convert -210 (base 4) to base 3.
-1100
What is -310 (base 5) in base 12?
-68
What is -23 (base 4) in base 7?
-14
10a (base 14) to base 11
178
-11 (base 15) to base 8
-20
-17d (base 16) to base 2
-101111101
Convert -13 (base 16) to base 6.
-31
Convert -1 (base 13) to base 11.
-1
Convert -38 (base 11) to base 12.
-35
22 (base 11) to base 16
18
What is -10010 (base 2) in base 14?
-14
What is -32 (base 10) in base 3?
-1012
-16 (base 14) to base 10
-20
-6 (base 13) to base 2
-110
Convert 5 (base 9) to base 8.
5
Convert 200 (base 6) to base 14.
52
Convert -2 (base 15) to base 10.
-2
Convert 5 (base 10) to base 4.
11
What is -4 (base 16) in base 6?
-4
0 (base 9) to base 2
0
What is -21 (base 3) in base 2?
-111
Convert -211 (base 4) to base 12.
-31
21 (base 14) to base 7
41
-101 (base 3) to base 11
-a
1024 (base 5) to base 13
a9
Convert -2 (base 7) to base 4.
-2
202 (base 8) to base 4
2002
200 (base 5) to base 2
110010
-10 (base 15) to base 7
-21
What is -12 (base 4) in base 3?
-20
What is 1c (base 15) in base 3?
1000
What is -1 (base 12) in base 4?
-1
2 (base 11) to base 7
2
Convert 2 (base 3) to base 16.
2
What is 1b (base 14) in base 12?
21
What is 51 (base 6) in base 12?
27
What is 0 (base 13) in base 10?
0
What is -1 (base 14) in base 7?
-1
What is 54 (base 6) in base 16?
22
What is -182 (base 10) in base 11?
-